{"id":6,"date":"2017-08-09T10:01:50","date_gmt":"2017-08-09T08:01:50","guid":{"rendered":"https:\/\/lenochod.fjfi.cvut.cz\/simane\/?page_id=6"},"modified":"2026-03-12T13:35:30","modified_gmt":"2026-03-12T12:35:30","slug":"contact","status":"publish","type":"page","link":"https:\/\/lenochod.fjfi.cvut.cz\/simane\/?page_id=6","title":{"rendered":"CONTACT"},"content":{"rendered":"<div id=\"pl-6\"  class=\"panel-layout\" ><div id=\"pg-6-0\"  class=\"panel-grid panel-no-style\" ><div id=\"pgc-6-0-0\"  class=\"panel-grid-cell\" ><div id=\"panel-6-0-0-0\" class=\"so-panel widget widget_sow-editor panel-first-child panel-last-child\" data-index=\"0\" ><div\n\t\t\t\n\t\t\tclass=\"so-widget-sow-editor so-widget-sow-editor-base\"\n\t\t\t\n\t\t><h3 class=\"widget-title\">ORGANIZERS<\/h3>\n<div class=\"siteorigin-widget-tinymce textwidget\">\n\t<p>Registration and information \u2013 <a href=\"mailto:SimaneConference@cvut.cz\">SimaneConference@cvut.cz<br \/>\n<\/a>Martin Cesnek \u2013\u00a0<a href=\"mailto:martin.cesnek@fjfi.cvut.cz\">martin.cesnek@fjfi.cvut.cz<\/a><br \/>\nPavel Suk \u2013\u00a0<a href=\"mailto:pavel.suk@fjfi.cvut.cz\">pavel.suk@fjfi.cvut.cz<\/a><br \/>\nJakub M\u00e1tl \u2013\u00a0<a href=\"mailto:jakub.matl@cvut.cz\">jakub.matl@cvut.cz<\/a><br \/>\nOnd\u0159ej Lachout \u2013\u00a0<a href=\"mailto:ondrej.lachout@cvut.cz\">ondrej.lachout@cvut.cz<\/a><br \/>\nJosef Sabol \u2013 <a href=\"mailto:josef.sabol@cvut.cz\">josef.sabol@cvut.cz<\/a><br \/>\nMarek Strnad \u2013 <a href=\"mailto:marek.strnad@cvut.cz\">marek.strnad@cvut.cz<\/a><\/p>\n<\/div>\n<\/div><\/div><\/div><div id=\"pgc-6-0-1\"  class=\"panel-grid-cell\" ><div id=\"panel-6-0-1-0\" class=\"so-panel widget widget_sow-editor panel-first-child panel-last-child\" data-index=\"1\" ><div\n\t\t\t\n\t\t\tclass=\"so-widget-sow-editor so-widget-sow-editor-base\"\n\t\t\t\n\t\t><h3 class=\"widget-title\">DEPARTMENT ADDRESS<\/h3>\n<div class=\"siteorigin-widget-tinymce textwidget\">\n\t<p><strong>Department of Nuclear Reactors<\/strong><br \/>\nFaculty of Nuclear Sciences and Physical Engineering<br \/>\nCzech Technical University in Prague<\/p>\n<p>V Hole\u0161ovi\u010dk\u00e1ch 2<br \/>\n180 00 Praha 8<\/p>\n<\/div>\n<\/div><\/div><\/div><\/div><div id=\"pg-6-1\"  class=\"panel-grid panel-no-style\" ><div id=\"pgc-6-1-0\"  class=\"panel-grid-cell\" ><div id=\"panel-6-1-0-0\" class=\"so-panel widget widget_sow-contact-form panel-first-child panel-last-child\" data-index=\"2\" ><div\n\t\t\t\n\t\t\tclass=\"so-widget-sow-contact-form so-widget-sow-contact-form-default-96f16a0f2e6d-6\"\n\t\t\t\n\t\t><h3 class=\"widget-title\">CONTACT US<\/h3>\t<form\n\t\taction=\"\/simane\/index.php?rest_route=%2Fwp%2Fv2%2Fpages%2F6\"\n\t\tmethod=\"POST\"\n\t\tclass=\"sow-contact-form\"\n\t\tid=\"contact-form-1989\"\n\t>\n\n\t\t\n\t\t\t\t\t<div class=\"sow-form-field sow-form-field-name\">\n\t\t\t\t<label class=\"sow-form-field-label-above\" for=\"sow-contact-form-field-your-name-1\">\n\t\t\t\t<strong>\n\t\t\t\t\tYour Name\t\t\t\t\t\t\t\t\t<\/strong>\n\t\t\t<\/label>\n\t\t\t\t\t\t\t<div class=\"sow-field-container\">\n\t\t\t\t\t\t\t<input\n\t\t\ttype=\"text\"\n\t\t\tname=\"your-name-1\"\n\t\t\tid=\"sow-contact-form-field-your-name-1\"\n\t\t\tvalue=\"\"\n\t\t\tclass=\"sow-text-field\"\n\t\t\t\t\t\t\t\t\/>\n\t\t\t\t\t\t<\/div>\n\t\t\t\t\t\t\t<\/div>\n\t\t\t\t\t\t<div class=\"sow-form-field sow-form-field-email\">\n\t\t\t\t<label class=\"sow-form-field-label-above\" for=\"sow-contact-form-field-your-email-1\">\n\t\t\t\t<strong>\n\t\t\t\t\tYour Email\t\t\t\t\t\t\t\t\t<\/strong>\n\t\t\t<\/label>\n\t\t\t\t\t\t\t<div class=\"sow-field-container\">\n\t\t\t\t\t\t\t<input\n\t\t\ttype=\"email\"\n\t\t\tname=\"your-email-1\"\n\t\t\tid=\"sow-contact-form-field-your-email-1\"\n\t\t\tvalue=\"\"\n\t\t\tclass=\"sow-text-field\"\t\t\t\t\t\t\t\t\/>\n\t\t\t\t\t\t<\/div>\n\t\t\t\t\t\t\t<\/div>\n\t\t\t\t\t\t<div class=\"sow-form-field sow-form-field-subject\">\n\t\t\t\t<label class=\"sow-form-field-label-above\" for=\"sow-contact-form-field-subject-1\">\n\t\t\t\t<strong>\n\t\t\t\t\tSubject\t\t\t\t\t\t\t\t\t<\/strong>\n\t\t\t<\/label>\n\t\t\t\t\t\t\t<div class=\"sow-field-container\">\n\t\t\t\t\t\t\t<input\n\t\t\ttype=\"text\"\n\t\t\tname=\"subject-1\"\n\t\t\tid=\"sow-contact-form-field-subject-1\"\n\t\t\tvalue=\"\"\n\t\t\tclass=\"sow-text-field\"\n\t\t\t\t\t\t\t\t\/>\n\t\t\t\t\t\t<\/div>\n\t\t\t\t\t\t\t<\/div>\n\t\t\t\t\t\t<div class=\"sow-form-field sow-form-field-textarea\">\n\t\t\t\t<label class=\"sow-form-field-label-above\" for=\"sow-contact-form-field-message-1\">\n\t\t\t\t<strong>\n\t\t\t\t\tMessage\t\t\t\t\t\t\t\t\t<\/strong>\n\t\t\t<\/label>\n\t\t\t\t\t\t\t<div class=\"sow-field-container\">\n\t\t\t\t\t\t\t<textarea\n\t\t\tname=\"message-1\"\n\t\t\tid=\"sow-contact-form-field-message-1\"\n\t\t\trows=\"10\"\n\t\t\t\t\t\t\t\t><\/textarea>\n\t\t\t\t\t\t<\/div>\n\t\t\t\t\t\t\t<\/div>\n\t\t\t\n\t\t\t\t\t<div class=\"sow-recaptcha\"\n\t\t\t\t\t\t\t\t\tdata-config=\"{&quot;sitekey&quot;:&quot;6LcGQJMUAAAAALaPqNZzW4mBJZPsvHax352WYbAO&quot;,&quot;theme&quot;:&quot;light&quot;,&quot;type&quot;:&quot;image&quot;,&quot;size&quot;:&quot;normal&quot;}\"\n\t\t\t\t\t\t\t><\/div>\n\t\t\t\n\t\t<div class=\"sow-submit-wrapper sow-submit-styled\">\n\n\t\t\t<button\n\t\t\t\ttype=\"submit\"\n\t\t\t\tclass=\"sow-submit\"\n\t\t\t\t\t\t\t>\n\t\t\t\tContact Us\t\t\t<\/button>\n\t\t<\/div>\n\t\t\t\t<input\n\t\t\ttype=\"hidden\"\n\t\t\tname=\"instance_hash-1\"\n\t\t\tvalue=\"19896e5c\"\n\t\t\/>\n\n\t\t<input\n\t\t\ttype=\"hidden\"\n\t\t\tname=\"form_id\"\n\t\t\tvalue=\"\"\n\t\t\/>\n\t\t<input type=\"hidden\" id=\"_wpnonce\" name=\"_wpnonce\" value=\"263fb96653\" \/><input type=\"hidden\" name=\"_wp_http_referer\" value=\"\/simane\/index.php?rest_route=%2Fwp%2Fv2%2Fpages%2F6\" \/>\t<\/form>\n\t<\/div><\/div><\/div><div id=\"pgc-6-1-1\"  class=\"panel-grid-cell\" ><div id=\"panel-6-1-1-0\" class=\"so-panel widget widget_sow-editor panel-first-child panel-last-child\" data-index=\"3\" ><div\n\t\t\t\n\t\t\tclass=\"so-widget-sow-editor so-widget-sow-editor-base\"\n\t\t\t\n\t\t><h3 class=\"widget-title\">WHERE TO FIND US<\/h3>\n<div class=\"siteorigin-widget-tinymce textwidget\">\n\t<style>\n.google-maps {<br \/> position: relative;<br \/> padding-bottom: 80%; \/\/ This is the aspect ratio<br \/> height: 0;<br \/> overflow: hidden;<br \/> }<br \/> .google-maps iframe {<br \/> position: absolute;<br \/> top: 0;<br \/> left: 0;<br \/> width: 100% !important;<br \/> height: 100% !important;<br \/> }<br \/><\/style>\n<div class=\"google-maps\"><iframe loading=\"lazy\" style=\"border: 0;\" src=\"https:\/\/www.google.com\/maps\/embed?pb=!1m18!1m12!1m3!1d2558.4655421340176!2d14.446859416149644!3d50.115009979430575!2m3!1f0!2f0!3f0!3m2!1i1024!2i768!4f13.1!3m3!1m2!1s0x470beb49743148a5%3A0xd096d44a0bbc7fb3!2sKatedra+jadern%C3%BDch+reaktor%C5%AF%2C+FJFI%2C+%C4%8CVUT+v+Praze!5e0!3m2!1scs!2scz!4v1502266653493\" width=\"500\" height=\"500\" frameborder=\"0\" allowfullscreen=\"allowfullscreen\"><\/iframe><\/div>\n<\/div>\n<\/div><\/div><\/div><\/div><div id=\"pg-6-2\"  class=\"panel-grid panel-no-style\" ><div id=\"pgc-6-2-0\"  class=\"panel-grid-cell panel-grid-cell-empty\" ><\/div><div id=\"pgc-6-2-1\"  class=\"panel-grid-cell\" ><div id=\"panel-6-2-1-0\" class=\"so-panel widget widget_sow-editor panel-first-child panel-last-child\" data-index=\"4\" ><div\n\t\t\t\n\t\t\tclass=\"so-widget-sow-editor so-widget-sow-editor-base\"\n\t\t\t\n\t\t><h3 class=\"widget-title\">LINKS<\/h3>\n<div class=\"siteorigin-widget-tinymce textwidget\">\n\t<p><a href=\"https:\/\/www.cvut.cz\/\" target=\"_blank\" rel=\"noopener\">Czech Technical University in Prague<\/a><\/p>\n<p><a href=\"http:\/\/www.fjfi.cvut.cz\/\" target=\"_blank\" rel=\"noopener\">Faculty of Nuclear Sciences and Physical Engineering<\/a><\/p>\n<p><a href=\"http:\/\/katedra-reaktoru.cz\/\" target=\"_blank\" rel=\"noopener\">Department of Nuclear Reactors<\/a><\/p>\n<p><a href=\"https:\/\/ojs.cvut.cz\/ojs\/index.php\/APP\" target=\"_blank\" rel=\"noopener\">Acta Polytechnica CTU Proceedings<\/a><\/p>\n<p><a href=\"http:\/\/www.reaktor-vr1.cz\/cz\/\" target=\"_blank\" rel=\"noopener\">VR-1 School Reactor<\/a><\/p>\n<\/div>\n<\/div><\/div><\/div><\/div><\/div>","protected":false},"excerpt":{"rendered":"<p>Registration and information \u2013 SimaneConference@cvut.cz Martin Cesnek \u2013\u00a0martin.cesnek@fjfi.cvut.cz Pavel Suk \u2013\u00a0pavel.suk@fjfi.cvut.cz Jakub M\u00e1tl \u2013\u00a0jakub.matl@cvut.cz Ond\u0159ej Lachout \u2013\u00a0ondrej.lachout@cvut.cz Josef Sabol \u2013 josef.sabol@cvut.cz Marek Strnad \u2013 marek.strnad@cvut.cz Department of Nuclear Reactors Faculty of Nuclear Sciences and Physical Engineering Czech Technical University in Prague V Hole\u0161ovi\u010dk\u00e1ch 2 180 00 Praha 8<\/p>\n","protected":false},"author":1,"featured_media":0,"parent":0,"menu_order":0,"comment_status":"closed","ping_status":"closed","template":"","meta":{"inline_featured_image":false,"footnotes":""},"class_list":["post-6","page","type-page","status-publish","hentry","post"],"_links":{"self":[{"href":"https:\/\/lenochod.fjfi.cvut.cz\/simane\/index.php?rest_route=\/wp\/v2\/pages\/6","targetHints":{"allow":["GET"]}}],"collection":[{"href":"https:\/\/lenochod.fjfi.cvut.cz\/simane\/index.php?rest_route=\/wp\/v2\/pages"}],"about":[{"href":"https:\/\/lenochod.fjfi.cvut.cz\/simane\/index.php?rest_route=\/wp\/v2\/types\/page"}],"author":[{"embeddable":true,"href":"https:\/\/lenochod.fjfi.cvut.cz\/simane\/index.php?rest_route=\/wp\/v2\/users\/1"}],"replies":[{"embeddable":true,"href":"https:\/\/lenochod.fjfi.cvut.cz\/simane\/index.php?rest_route=%2Fwp%2Fv2%2Fcomments&post=6"}],"version-history":[{"count":67,"href":"https:\/\/lenochod.fjfi.cvut.cz\/simane\/index.php?rest_route=\/wp\/v2\/pages\/6\/revisions"}],"predecessor-version":[{"id":1558,"href":"https:\/\/lenochod.fjfi.cvut.cz\/simane\/index.php?rest_route=\/wp\/v2\/pages\/6\/revisions\/1558"}],"wp:attachment":[{"href":"https:\/\/lenochod.fjfi.cvut.cz\/simane\/index.php?rest_route=%2Fwp%2Fv2%2Fmedia&parent=6"}],"curies":[{"name":"wp","href":"https:\/\/api.w.org\/{rel}","templated":true}]}}